3, 19, 113
List the prime factors of 1034.
2, 11, 47
List the prime factors of 15765.
3, 5, 1051
List the prime factors of 1381.
1381
List the prime factors of 7114.
2, 3557
List the prime factors of 283.
283
What are the prime factors of 22026?
2, 3, 3671
List the prime factors of 219.
3, 73
List the prime factors of 3648.
2, 3, 19
What are the prime factors of 86827?
13, 6679
List the prime factors of 1398.
2, 3, 233
What are the prime factors of 1139?
17, 67
What are the prime factors of 8915?
5, 1783
List the prime factors of 1909.
23, 83
List the prime factors of 150419.
349, 431
What are the prime factors of 332?
2, 83
List the prime factors of 4910.
2, 5, 491
What are the prime factors of 1564?
2, 17, 23
What are the prime factors of 124?
2, 31
What are the prime factors of 5267?
23, 229
List the prime factors of 75234.
2, 3, 12539
List the prime factors of 253.
11, 23
What are the prime factors of 33397?
7, 13, 367
List the prime factors of 4788.
2, 3, 7, 19
What are the prime factors of 10474?
2, 5237
What are the prime factors of 25750?
2, 5, 103
What are the prime factors of 1157?
13, 89
List the prime factors of 62498.
2, 31249
What are the prime factors of 19700?
2, 5, 197
List the prime factors of 914.
2, 457
List the prime factors of 93332.
2, 23333
What are the prime factors of 641?
641
What are the prime factors of 585?
3, 5, 13
What are the prime factors of 13521?
3, 4507
List the prime factors of 346.
2, 173
List the prime factors of 1697.
1697
List the prime factors of 49069.
49069
List the prime factors of 4399.
53, 83
List the prime factors of 746.
2, 373
List the prime factors of 98.
2, 7
List the prime factors of 1034.
2, 11, 47
List the prime factors of 68164.
2, 17041
List the prime factors of 84916.
2, 13, 23, 71
List the prime factors of 43722.
2, 3, 7, 347
What are the prime factors of 2316?
2, 3, 193
What are the prime factors of 54218?
2, 27109
List the prime factors of 21957.
3, 13, 563
What are the prime factors of 1996?
2, 499
What are the prime factors of 95838?
2, 3, 15973
List the prime factors of 92248.
2, 13, 887
What are the prime factors of 16370?
2, 5, 1637
List the prime factors of 11970.
2, 3, 5, 7, 19
List the prime factors of 364.
2, 7, 13
List the prime factors of 11213.
11213
What are the prime factors of 20498?
2, 37, 277
List the prime factors of 31975.
5, 1279
List the prime factors of 13464.
2, 3, 11, 17
List the prime factors of 368.
2, 23
List the prime factors of 516.
2, 3, 43
What are the prime factors of 34140?
2, 3, 5, 569
What are the prime factors of 5000?
2, 5
What are the prime factors of 68052?
2, 3, 53, 107
What are the prime factors of 3491?
3491
List the prime factors of 13169.
13, 1013
What are the prime factors of 1038?
2, 3, 173
What are the prime factors of 1200?
2, 3, 5
What are the prime factors of 1076?
2, 269
What are the prime factors of 2921?
23, 127
What are the prime factors of 44771?
44771
List the prime factors of 7900.
2, 5, 79
List the prime factors of 4888.
2, 13, 47
List the prime factors of 1598.
2, 17, 47
What are the prime factors of 80?
2, 5
What are the prime factors of 2066?
2, 1033
List the prime factors of 11889.
3, 1321
What are the prime factors of 9748?
2, 2437
List the prime factors of 38629.
38629
What are the prime factors of 10414?
2, 41, 127
List the prime factors of 53456.
2, 13, 257
List the prime factors of 10411.
29, 359
List the prime factors of 26428.
2, 6607
List the prime factors of 8130.
2, 3, 5, 271
What are the prime factors of 164?
2, 41
What are the prime factors of 3005?
5, 601
What are the prime factors of 3407?
3407
What are the prime factors of 529?
23
List the prime factors of 4466.
2, 7, 11, 29
What are the prime factors of 883?
883
List the prime factors of 3274.
2, 1637
List the prime factors of 2457.
3, 7, 13
List the prime factors of 20251.
7, 11, 263
List the prime factors of 1327.
1327
What are the prime factors of 9696?
2, 3, 101
List the prime factors of 37033.
29, 1277
What are the prime factors of 7146?
2, 3, 397
What are the prime factors of 4662?
2, 3, 7, 37
List the prime factors of 1256.
2, 157
List the prime factors of 1599.
3, 13, 41
List the prime factors of 19711.
23, 857
List the prime factors of 31586.
2, 17, 929
List the prime factors of 8233.
8233
What are the prime factors of 10253?
10253
List the prime factors of 11846.
2, 5923
What are the prime factors of 8420?
2, 5, 421
List the prime factors of 2634.
2, 3, 439
What are the prime factors of 44160?
2, 3, 5, 23
What are the prime factors of 39150?
2, 3, 5, 29
List the prime factors of 62635.
5, 12527
List the prime factors of 378.
2, 3, 7
What are the prime factors of 1209?
3, 13, 31
List the prime factors of 2504.
2, 313
What are the prime factors of 94910?
2, 5, 9491
List the prime factors of 28169.
17, 1657
List the prime factors of 1628.
2, 11, 37
What are the prime factors of 400?
2, 5
What are the prime factors of 13225?
5, 23
What are the prime factors of 32351?
11, 17, 173
What are the prime factors of 941?
941
What are the prime factors of 21177?
3, 13, 181
What are the prime factors of 26396?
2, 6599
List the prime factors of 11366.
2, 5683
What are the prime factors of 81549?
3, 13, 17, 41
What are the prime factors of 608?
2, 19
List the prime factors of 119370.
2, 3, 5, 23, 173
List the prime factors of 10878.
2, 3, 7, 37
What are the prime factors of 28?
2, 7
List the prime factors of 3137.
3137
What are the prime factors of 2042?
2, 1021
What are the prime factors of 881?
881
List the prime factors of 1573.
11, 13
What are the prime factors of 128391?
3, 42797
What are the prime factors of 5267?
23, 229
List the prime factors of 69.
3, 23
List the prime factors of 44827.
23, 1949
What are the prime factors of 86244?
2, 3, 7187
What are the prime factors of 157666?
2, 31, 2543
What are the prime factors of 15349?
15349
List the prime factors of 38987.
13, 2999
List the prime factors of 28233.
3, 3137
What are the prime factors of 7820?
2, 5, 17, 23
What are the prime factors of 1521?
3, 13
List the prime factors of 6974.
2, 11, 317
List the prime factors of 16439.
17, 967
What are the prime factors of 38371?
38371
List the prime factors of 1822.
2, 911
What are the prime factors of 70?
2, 5, 7
What are the prime factors of 9668?
2, 2417
What are the prime factors of 1746?
2, 3, 97
What are the prime factors of 5474?
2, 7, 17, 23
What are the prime factors of 21327?
3, 7109
What are the prime factors of 5639?
5639
List the prime factors of 4881.
3, 1627
List the prime factors of 3483.
3, 43
List the prime factors of 6601.
7, 23, 41
What are the prime factors of 405?
3, 5
List the prime factors of 23501.
71, 331
What are the prime factors of 34979?
7, 19, 263
List the prime factors of 49609.
7, 19, 373
What are the prime factors of 1358?
2, 7, 97
What are the prime factors of 163585?
5, 32717
What are the prime factors of 18227?
11, 1657
What are the prime factors of 50424?
2, 3, 11, 191
List the prime factors of 55152.
2, 3, 383
List the prime factors of 826.
2, 7, 59
List the prime factors of 12963.
3, 29, 149
List the prime factors of 824.
2, 103
List the prime factors of 46.
2, 23
What are the prime factors of 4598?
2, 11, 19
List the prime factors of 3408.
2, 3, 71
What are the prime factors of 6114?
2, 3, 1019
List the prime factors of 18660.
2, 3, 5, 311
What are the prime factors of 149627?
149627
What are the prime factors of 1821?
3, 607
What are the prime factors of 18102?
2, 3, 7, 431
List the prime factors of 851.
23, 37
List the prime factors of 30814.
2, 7, 31, 71
What are the prime factors of 929?
929
What are the prime factors of 1927?
41, 47
What are the prime factors of 3566?
2, 1783
What are the prime factors of 79886?
2, 59, 677
List the prime factors of 5269.
11, 479
List the prime factors of 852.
2, 3, 71
List the prime factors of 21524.
2, 5381
List the prime factors of 151.
151
List the prime factors of 1116.
2, 3, 31
List the prime factors of 1347.
3, 449
What are the prime factors of 1255?
5, 251
List the prime factors of 1468.
2, 367
List the prime factors of 10627.
10627
What are the prime factors of 3539?
3539
What are the prime factors of 2663?
2663
List the prime factors of 5497.
23, 239
List the prime f